hat is the greatest common divisor of 1029 and 21?
21
Calculate the highest common factor of 44 and 154.
22
Calculate the highest common divisor of 99 and 63.
9
Calculate the highest common factor of 9 and 81.
9
What is the greatest common factor of 145 and 203?
29
What is the highest common factor of 15 and 735?
15
What is the highest common factor of 495 and 385?
55
Calculate the greatest common factor of 1687 and 7.
7
What is the highest common divisor of 34 and 85?
17
Calculate the greatest common factor of 2862 and 424.
106
Calculate the highest common divisor of 199 and 11.
1
Calculate the highest common factor of 3516 and 9.
3
Calculate the greatest common factor of 4308 and 12.
12
Calculate the highest common divisor of 1806 and 3486.
42
Calculate the highest common factor of 17 and 255.
17
Calculate the highest common factor of 254 and 8255.
127
Calculate the highest common factor of 120 and 72.
24
Calculate the greatest common divisor of 44 and 1199.
11
Calculate the highest common divisor of 30 and 2890.
10
Calculate the greatest common factor of 32 and 512.
32
Calculate the highest common factor of 169 and 793.
13
Calculate the highest common factor of 45 and 315.
45
Calculate the highest common divisor of 760 and 893.
19
Calculate the highest common factor of 21 and 889.
7
What is the greatest common factor of 18083 and 26?
13
Calculate the highest common factor of 402 and 12.
6
What is the greatest common divisor of 2292 and 1337?
191
What is the greatest common divisor of 1056 and 33?
33
Calculate the highest common divisor of 49 and 21.
7
What is the highest common divisor of 972 and 12?
12
What is the greatest common divisor of 660 and 20?
20
Calculate the greatest common factor of 42 and 1806.
42
Calculate the greatest common factor of 324 and 64.
4
What is the greatest common divisor of 1 and 788?
1
What is the greatest common factor of 3670 and 20?
10
What is the highest common divisor of 90 and 855?
45
Calculate the greatest common divisor of 8 and 2196.
4
What is the greatest common divisor of 2048 and 32?
32
What is the greatest common divisor of 51180 and 45?
15
Calculate the greatest common divisor of 75 and 3405.
15
Calculate the highest common divisor of 147 and 63.
21
What is the highest common divisor of 2714 and 46?
46
Calculate the greatest common factor of 636 and 60.
12
Calculate the greatest common divisor of 6828 and 24.
12
Calculate the greatest common factor of 216 and 810.
54
Calculate the greatest common divisor of 322 and 138.
46
What is the greatest common factor of 6697 and 111?
37
Calculate the greatest common factor of 38 and 874.
38
What is the greatest common factor of 330 and 60?
30
Calculate the greatest common factor of 333 and 18.
9
What is the greatest common factor of 116 and 29?
29
Calculate the highest common factor of 174 and 3393.
87
What is the highest common divisor of 81 and 18?
9
Calculate the greatest common factor of 66 and 12386.
22
Calculate the highest common factor of 96 and 3.
3
What is the greatest common divisor of 2184 and 672?
168
What is the greatest common divisor of 14238 and 452?
226
What is the highest common factor of 24 and 120?
24
What is the greatest common factor of 34 and 4?
2
What is the greatest common factor of 74 and 2?
2
What is the greatest common divisor of 9504 and 24?
24
What is the highest common factor of 114 and 76?
38
Calculate the greatest common divisor of 49 and 9751.
49
Calculate the highest common factor of 108 and 702.
54
What is the greatest common divisor of 190 and 29830?
190
What is the greatest common factor of 5475 and 876?
219
Calculate the highest common factor of 124 and 1178.
62
Calculate the greatest common factor of 14100 and 1974.
282
Calculate the highest common divisor of 196 and 1078.
98
What is the greatest common factor of 74 and 851?
37
Calculate the greatest common divisor of 1140 and 24.
12
Calculate the highest common factor of 1900 and 25.
25
What is the greatest common divisor of 880 and 10?
10
What is the greatest common factor of 6 and 291?
3
What is the greatest common factor of 2563 and 88?
11
What is the highest common divisor of 321 and 3?
3
What is the greatest common divisor of 3465 and 1197?
63
What is the highest common divisor of 20 and 3940?
20
Calculate the greatest common factor of 492 and 2132.
164
Calculate the highest common factor of 14 and 217.
7
Calculate the greatest common divisor of 8507 and 1448.
181
Calculate the greatest common divisor of 1470 and 1715.
245
Calculate the greatest common factor of 1302 and 93.
93
Calculate the highest common factor of 45 and 25.
5
What is the highest common factor of 35 and 245?
35
What is the highest common factor of 46 and 5221?
23
What is the greatest common divisor of 154 and 330?
22
What is the greatest common divisor of 1350 and 18?
18
What is the greatest common factor of 70 and 6090?
70
Calculate the greatest common factor of 961 and 2573.
31
What is the greatest common divisor of 1148 and 28?
28
What is the highest common factor of 18 and 9?
9
What is the highest common factor of 4 and 3232?
4
Calculate the highest common divisor of 42527 and 69.
23
Calculate the highest common factor of 210 and 150.
30
What is the greatest common factor of 85 and 51?
17
What is the highest common divisor of 1204 and 12?
4
What is the highest common divisor of 615 and 15?
15
What is the highest common divisor of 17 and 87907?
17
Calculate the highest common factor of 497 and 63.
7
Calculate the highest common divisor of 60 and 48570.
30
Calculate the highest common factor of 2871 and 297.
99
Calculate the greatest common factor of 68 and 272.
68
Calculate the greatest common factor of 2744 and 448.
56
Calculate the greatest common factor of 7 and 126.
7
What is the highest common factor of 44 and 484?
44
What is the greatest common factor of 5084 and 124?
124
What is the greatest common divisor of 31 and 7099?
31
What is the highest common divisor of 123 and 41?
41
Calculate the greatest common factor of 2816 and 11.
11
What is the greatest common divisor of 30 and 1815?
15
What is the greatest common divisor of 136 and 16?
8
What is the highest common divisor of 1261 and 194?
97
What is the highest common factor of 55 and 22?
11
What is the greatest common divisor of 1554 and 74?
74
What is the greatest common factor of 4 and 332?
4
What is the highest common divisor of 729 and 1?
1
What is the highest common divisor of 90 and 640?
10
Calculate the greatest common factor of 175 and 5040.
35
Calculate the highest common divisor of 80 and 520.
40
What is the highest common divisor of 833 and 374?
17
What is the greatest common divisor of 24 and 33?
3
Calculate the greatest common factor of 20 and 1460.
20
Calculate the greatest common divisor of 112 and 14056.
56
Calculate the greatest common divisor of 10500 and 63.
21
Calculate the greatest common divisor of 1326 and 962.
26
What is the highest common divisor of 156 and 54?
6
Calculate the greatest common factor of 8949 and 114.
57
Calculate the highest common divisor of 42 and 1344.
42
What is the greatest common factor of 67 and 18827?
67
What is the highest common divisor of 185 and 74?
37
What is the highest common divisor of 635 and 10287?
127
Calculate the highest common factor of 1143 and 3556.
127
Calculate the highest common divisor of 315 and 405.
45
What is the greatest common factor of 24 and 2312?
8
Calculate the greatest common factor of 2867 and 427.
61
What is the greatest common factor of 140523 and 93?
93
What is the greatest common divisor of 18 and 12?
6
What is the highest common divisor of 4473 and 18?
9
What is the highest common divisor of 280 and 476?
28
Calculate the highest common factor of 7047 and 135.
27
What is the highest common divisor of 17914 and 424?
106
Calculate the highest common divisor of 74 and 2886.
74
What is the greatest common divisor of 300 and 200?
100
What is the highest common divisor of 208 and 676?
52
Calculate the highest common divisor of 9 and 15.
3
Calculate the greatest common factor of 49 and 2597.
49
What is the highest common factor of 250 and 590?
10
Calculate the greatest common divisor of 5265 and 390.
195
Calculate the highest common factor of 455 and 